
In base 6, what is 2 - -2230005?
2230011
In base 6, what is 2053035 + -3?
2053032
In base 11, what is -3 + -a3763?
-a3766
In base 11, what is 2 + 322a?
3231
In base 7, what is 3665153 - -3?
3665156
In base 16, what is 2 + 812?
814
In base 8, what is -7467440 + 5?
-7467433
In base 11, what is 41 + -9a2?
-961
In base 13, what is -1a00 - 89?
-1a89
In base 6, what is 1 - -132000?
132001
In base 6, what is -11515402 + -1?
-11515403
In base 7, what is 3 + -34362?
-34356
In base 9, what is 2130 + -1042?
1077
In base 7, what is 1010422 - 14?
1010405
In base 16, what is 1 - -10049?
1004a
In base 11, what is -100 + -2972?
-2a72
In base 2, what is 100101101011010101010 - -10?
100101101011010101100
In base 6, what is -30 + 31103?
31033
In base 7, what is 24355 - -24?
24412
In base 9, what is 3 + 27486?
27500
In base 14, what is 58855 + -2?
58853
In base 14, what is 43 - 28c9?
-2886
In base 7, what is -1000242 - -12?
-1000230
In base 6, what is 4030130 + 2?
4030132
In base 7, what is 520 + 3061?
3611
In base 13, what is 163 - -4?
167
In base 9, what is 5 + 8403?
8408
In base 16, what is -2 + -70ed2?
-70ed4
In base 7, what is -135135 - 1?
-135136
In base 14, what is 4b81 + -98?
4ac7
In base 12, what is 4 + -4838?
-4834
In base 7, what is 1230352 + -4?
1230345
In base 5, what is 41134 - 23213?
12421
In base 16, what is 3 + 2bb7?
2bba
In base 8, what is 374 - 1154?
-560
In base 4, what is -333033303 + 0?
-333033303
In base 2, what is -111010101000 + -111001101?
-1000001110101
In base 4, what is 233000 - -1103?
300103
In base 3, what is -2121022 + -10?
-2121102
In base 5, what is -3320340 - 3?
-3320343
In base 6, what is -120 - -242505?
242345
In base 6, what is 541 - 232?
305
In base 2, what is 10001000001010100 - 0?
10001000001010100
In base 16, what is -1e + -64cc?
-64ea
In base 2, what is -100011 - -100001110111?
100001010100
In base 5, what is -3 + -1220310?
-1220313
In base 3, what is -1212 + 122212?
121000
In base 16, what is 532 - 10d?
425
In base 7, what is 4 - 232642?
-232635
In base 5, what is 1 - 224440410?
-224440404
In base 10, what is 682458 - 0?
682458
In base 11, what is 293 + 1635?
1918
In base 9, what is -2 + 76006?
76004
In base 10, what is 3 - -234731?
234734
In base 3, what is -120111100 - -120?
-120110210
In base 15, what is ce - 0?
ce
In base 4, what is 200 - -101030?
101230
In base 9, what is 47832 - -10?
47842
In base 7, what is 156 - -203?
362
In base 8, what is -234 + 3135?
2701
In base 11, what is -1076 + 918?
-259
In base 11, what is -738 + -2300?
-2a38
In base 9, what is 4 + -87720?
-87715
In base 9, what is 118877 + 2?
118880
In base 4, what is -13031 - 113?
-13210
In base 10, what is -411 + 243?
-168
In base 5, what is 4003 + -444?
3004
In base 15, what is 4c - -521?
56d
In base 8, what is -12070 + 646?
-11222
In base 7, what is 235646 - -5?
235654
In base 12, what is -3b + 1890?
1851
In base 15, what is 3 - -44e3?
44e6
In base 11, what is -1 + 273184?
273183
In base 9, what is 2 - 235230?
-235227
In base 4, what is -111002003 - 12?
-111002021
In base 3, what is 1202101 - 1?
1202100
In base 11, what is 230 + -732?
-502
In base 15, what is 12642b - 3?
126428
In base 16, what is 204 - 393?
-18f
In base 14, what is 7322 + -6?
731a
In base 4, what is -13200 - 110013?
-123213
In base 14, what is 4 + 37888?
3788c
In base 5, what is 141 - 1043?
-402
In base 16, what is 68e1 + 2?
68e3
In base 3, what is -2 + -1012201202011?
-1012201202020
In base 10, what is 537763 - 1?
537762
In base 15, what is -317 - 14?
-32b
In base 5, what is -411 + 2203?
1242
In base 3, what is 0 + 1020221120?
1020221120
In base 9, what is 53 + 55831?
55884
In base 4, what is -1202333332 - 10?
-1203000002
In base 3, what is 101000002122 - 2?
101000002120
In base 14, what is 2ddc - 4?
2dd8
In base 6, what is 335422153 + 4?
335422201
In base 8, what is 30 - 101061?
-101031
In base 2, what is 10100111101010000 - -110?
10100111101010110
In base 11, what is -92 + -897?
-979
In base 5, what is -1013 + -100224?
-101242
In base 12, what is 23b + -222?
19
In base 13, what is -188 + -6b?
-226
In base 5, what is -11 - -31334?
31323
In base 11, what is 0 - 828760?
-828760
In base 13, what is -93c - 1c?
-95b
In base 2, what is 11 - 111001000101101?
-111001000101010
In base 11, what is -11438a + 11?
-114379
In base 3, what is 110022 + 1222?
112021
In base 9, what is -477 + 30?
-447
In base 15, what is -15 + 373?
35d
In base 9, what is -28187 - 6?
-28204
In base 13, what is -1 + 28b75?
28b74
In base 4, what is 11 + 1210202031?
1210202102
In base 16, what is 14de + -47?
1497
In base 14, what is 0 - 98ad?
-98ad
In base 14, what is 91c0c + 0?
91c0c
In base 13, what is -2838 - 262?
-2a9a
In base 8, what is 152403 + 4?
152407
In base 9, what is 80746 - -5?
80752
In base 9, what is 4 + 151835?
151840
In base 15, what is -5 + -58a6c?
-58a72
In base 9, what is -1126532 - 4?
-1126536
In base 14, what is -260 + 1bc?
-82
In base 3, what is -100 + 110121101?
110121001
In base 11, what is -174476 + 4?
-174472
In base 6, what is -10043 - 100?
-10143
In base 14, what is -138 + -778?
-8b2
In base 9, what is -1147 - -51?
-1086
In base 5, what is -2003334 + 104?
-2003230
In base 16, what is 3 - 1ae0?
-1add
In base 5, what is 1 + -131441020?
-131441014
In base 15, what is 292e - -3?
2932
In base 12, what is 16858 + 67?
16903
In base 14, what is -3 - 3956?
-3959
In base 6, what is -4052132 - 5?
-4052141
In base 15, what is 6bb2 - 5?
6bac
In base 16, what is -1a70 + 33?
-1a3d
In base 5, what is -403 + 203422?
203014
In base 4, what is 1303212 - 32?
1303120
In base 15, what is 1ea15 - -2?
1ea17
In base 16, what is -3b - 41?
-7c
In base 14, what is 2 + -41aa0?
-41a9c
In base 11, what is 0 + -42630?
-42630
In base 12, what is 352 + 48?
39a
In base 10, what is 88 + -3687?
-3599
In base 15, what is 719d2 + 5?
719d7
In base 7, what is -3222 + 1402?
-1520
In base 10, what is 2375 - 0?
2375
In base 6, what is 202 - 2413?
-2211
In base 2, what is 100 - -1111010100110001010?
1111010100110001110
In base 12, what is 4845 - -8?
4851
In base 16, what is 1b + 2b0aa?
2b0c5
In base 13, what is 8b1147 + 2?
8b1149
In base 4, what is -10102 + -111301?
-122003
In base 3, what is 122202011 - 1?
122202010
In base 6, what is -21021 - -215?
-20402
In base 8, what is -2116634 + 22?
-2116612
In base 12, what is -10307 + 14?
-102b3
In base 2, what is -1000100010 - -11001110?
-101010100
In base 7, what is -212154 + 126?
-212025
In base 4, what is 11 - 1003332?
-1003321
In base 16, what is -5 - 1205?
-120a
In base 14, what is 2caa - 7?
2ca3
In base 2, what is 1010 - 101100111100010011?
-101100111100001001
In base 5, what is -10 - 421421?
-421431
In base 7, what is 25032 + -652?
24050
In base 5, what is -1113044 + -2?
-1113101
In base 12, what is -2 - 19575?
-19577
In base 13, what is -39 - 3b3?
-41c
In base 10, what is -179466 + 11?
-179455
In base 6, what is 12 + 1352420?
1352432
In base 6, what is 322 + 51?
413
In base 16, what is -255 - -425?
1d0
In base 5, what is -4 - -10103234?
10103230
In base 7, what is -103043 - -63?
-102650
In base 11, what is 471 - 2310?
-194a
In base 14, what is -15846 - b?
-15853
In base 6, what is 105 + -440245?
-440140
In base 15, what is 13 - 211d?
-210a
In base 10, what is 530 - -102?
632
In base 9, what is 2053 - 80?
1863
In base 8, what is 23 - 430311?
-430266
In base 14, what is 5b + -312?
-295
In base 14, what is -6 + -8219c?
-821a4
In base 13, what is 46c4 + -19?
46a8
In base 9, what is 1 - -35231?
35232
In base 2, what is -1110101 - -10001110101010?
10001100110101
In base 7, what is 1 + 10645?
10646
In base 14, what is 6b - 2cd?
-262
In base 12, what is -1 + -10783?
-10784
In base 2, what is 110011 + 110111100?
111101111
In base 2, what is 110110011011 - 11001001?
110011010010
In base 8, what is -173675 + 45?
-173630
In base 15, what is -1eaa9 - -2?
-1eaa7
In base 3, what is 2202010110 - 11?
2202010022
In base 4, what is -3 - 101120013?
-101120022
In base 16, what is 9c0 - 2f?
991
In base 10, what is 112 + 225?
337
In base 12, what is -1 - -2517?
2516
In base 9, what is -112111 - -15?
-112085
In base 4, what is 100011323 - -1?
100011330
In base 12, what is -2 + 97b3?
97b1
In base 13, what is 4b95 + 2?
4b97
In base 13, what is 17ca - 7?
17c3
In base 10, what is 752 + 37?
789
In base 